 4*c - 44 = 0. What is the remainder when 319 is divided by u?
9
Let b = 122 - -69. Suppose 5*p - b = 319. What is the remainder when p is divided by 28?
18
Suppose -42*t = -43*t + k + 31, -3*t = 21*k + 51. Calculate the remainder when 2042 is divided by t.
17
Let a(b) = -5*b**2 - 1. Let n be a(-2). Let v = -12 - n. Let r = 3769 + -3757. What is the remainder when r is divided by v?
3
Let h(q) = -q**2 - 7*q - 8. Let l be h(-8). Let v(u) = 5*u + 24. Let m be v(l). Let b = 71 + m. Calculate the remainder when 178 is divided by b.
13
What is the remainder when 15*(-888)/(-1080) + (2 - (-7)/(-3)) is divided by 2?
0
Let k(j) = -1 - 9 + 3*j**2 - 15*j - 4 + 6 + 3. Suppose 0*y - 4*i = y - 13, -2*i - 34 = -4*y. What is the remainder when k(y) is divided by 35?
33
Let d(w) = -w**3 + 9*w**2 + 97*w + 36. Calculate the remainder when 414 is divided by d(15).
132
Let n = 9930 - 6095. Calculate the remainder when n is divided by 28.
27
Let m = 145 - 43. Suppose -j + 70 = 3*w, w + 5*j - 75 = -19. What is the remainder when m is divided by w?
18
Let i(k) = -6*k - 237. Let v be 6/((-3 + -3)*3/132). What is the remainder when i(v) is divided by 7?
6
Let b(m) = -m**3 + 5*m**2 - 3. Let y be b(5). Let c(x) = -x**3 - x**2 + 7*x + 8. What is the remainder when 2*(-3)/18*-99 is divided by c(y)?
3
Let z = -100 + 100. Suppose -5*m + 4*m + 15 = z. Calculate the remainder when 74 is divided by m.
14
Let r(c) = -c**3 + 16*c**2 + 109*c - 14. Let o be r(21). Suppose 223*i - 216*i - o = 0. Calculate the remainder when 106 is divided by i.
6
Let w = 15 - 12. Suppose w*s - 410 = -5*g - 0*s, -2*g = -5*s - 195. Let j = g - 39. What is the remainder when j is divided by 12?
10
Let a(v) = -v**3 + 7*v - 10. Let w be a(2). What is the remainder when 296 is divided by (186/12 + -3)/(w/(-24))?
71
Let g = -12599 + 12719. What is the remainder when 331 is divided by g?
91
Suppose 6*v - 2*v - 32 = 0. Suppose 0 = t - 3*m - 6 - 20, 0 = 3*t + m - 108. Suppose t*q - 61*q = -312. What is the remainder when q is divided by v?
4
Let k = 363 - 39. Calculate the remainder when k/36*3*9 is divided by 47.
8
Let h(w) = -4*w**2 + 31*w + 2. What is the remainder when 148 is divided by h(6)?
16
Suppose -b + 760 + 717 = a, 0 = -2*b + 4*a + 2948. Calculate the remainder when b is divided by 165.
156
Let q(s) = -s**3 + 27*s**2 - 23*s. Let h be q(7). Let r = h + -772. What is the remainder when 749 is divided by r?
44
Let s(d) = 5*d**2 + d**3 - 13*d + 23 + 4*d - 4*d**2 - 6*d**2. What is the remainder when 169 is divided by s(6)?
4
Let j(l) = -17*l + 2. Let h be j(1). What is the remainder when 2/10 - 612/h is divided by 24*30/40 + -3?
11
Let n = 46 + -42. Suppose 5*w = -5, n*w + 4 = -2*t - 0. Let d = t - -23. Calculate the remainder when 111 is divided by d.
19
Suppose 22 = 4*j + 2*a, 20 = -j + 5*a - 2. Suppose j*y + 0*y = 117. Let n(g) = 5*g - 9. Calculate the remainder when y is divided by n(4).
6
Let c = 270 + -272. Let s(a) = 3*a**2 - 5*a + 1. What is the remainder when 160 is divided by s(c)?
22
Let x = -38911 - -39002. What is the remainder when x is divided by 25*1 - (3 - 1)?
22
Let q be (-884)/65 + (-3)/(-5). Let o(h) = -h**3 - 10*h**2 + 34*h - 58. Let j(k) = -k**2 + 11*k - 5. What is the remainder when j(7) is divided by o(q)?
2
What is the remainder when ((-10)/(-3))/(130/79092) is divided by 145?
143
What is the remainder when 2623 is divided by (8/(-36) - (6 - (-408)/(-54)))*6?
7
Let j be (7 - -56) + (-4 - -2). Suppose -60*q = -j*q + 132. Calculate the remainder when q is divided by 45.
42
Suppose 114 = 4*l + 4*x - 2, -4*l = 2*x - 124. Suppose -w + 9 = 2*y, -9*y - 5*w = -5*y - l. Calculate the remainder when y is divided by 1.
0
What is the remainder when 6/14 - (3/(-51) + (-817974)/6902) is divided by 36?
11
Let w(d) = -82*d - 1983. What is the remainder when w(-28) is divided by 14?
5
Calculate the remainder when 182 is divided by 31 - (12/((-120)/(-70)) + -6).
2
Let t = 740 + -736. Suppose -t*j - 27*j + 992 = 0. Calculate the remainder when 189 is divided by j.
29
Let u = 22 + -24. Let v be (-1 + 2 + 1)*(u - 15). Let d = v - -49. Calculate the remainder when 73 is divided by d.
13
Let k be 5*(-2)/(-5) + 93. Suppose -l - 5*r - 69 = -4*l, 39 = 2*l - r. What is the remainder when k - ((-18)/9 - 6) is divided by l?
13
What is the remainder when 1590 is divided by -2 + (-21)/(-15) + -2*(-6146)/70?
15
Let p be 1 - -1 - (12 + -2). Let s = p + 24. What is the remainder when 86/(-172) - (-171)/6 is divided by s?
12
Suppose 5*t + 19 = -6, -q = -t - 17. Let b(g) = 3*g - 33. Let w be b(q). Calculate the remainder when ((-13)/(26/(-15)))/(w/68) is divided by 43.
41
Suppose -5*a - 203 = 3*g, -2*g - a = -g + 65. What is the remainder when -7 - -14 - (-2 + g) is divided by 38?
32
Suppose 0 = -3*o - 3*k + 8*k - 56, -3*o + k = 76. What is the remainder when o/45 - 696/(-10) is divided by 11?
3
Suppose 254 = 2*d - 3*u, 2*u + 2*u + 16 = 0. Let h = d - 105. Calculate the remainder when 206 is divided by h.
14
Suppose 1112*f = 1119*f - 7406. Calculate the remainder when f is divided by 5.
3
Let v(k) = -k**3 + 21*k**2 - 33*k + 45. Let d be v(20). Let n = 226 + d. Calculate the remainder when 24 is divided by n.
2
Suppose -736*x = -737*x + 4*v + 27, v = -5*x + 219. Calculate the remainder when x is divided by (4/6)/(1/33).
21
What is the remainder when (-3)/(-3*13/10946) is divided by 142?
132
Let y = -1770 + 1799. Let g = 29 + 36. Let i = g - y. Calculate the remainder when i is divided by 7.
1
Let m(v) = 8*v + 92. Let d be m(-11). Suppose -2*f + 3*u + 181 = 0, -2*u = d*f - u - 341. What is the remainder when 343 is divided by f?
85
Let n(v) = v**3 + 6*v**2 + 5*v + 1. Let l(w) = -w**2 - w + 2. Let h be l(3). Let s be (-48)/30 + 2 + 34/h. Calculate the remainder when 22 is divided by n(s).
9
Let b = -71 + 72. Let s be (-10)/(-4)*(-6)/(-5) - 1. Suppose 0 = -a - b + 3, -s*a - 236 = -2*g. What is the remainder when g is divided by 25?
20
Let r be (-580)/(-80) + 1/(-4). Suppose 0 = -4*o - 5*l + 7, -r - 13 = 4*l. What is the remainder when 116 is divided by o?
4
Suppose 0 = 5*l - 1629 + 349. Let x = 318 - l. What is the remainder when x is divided by 11?
7
Let u = 38210 - 29756. What is the remainder when u is divided by 28?
26
Let x be (-117)/(-12) + 5/20. Calculate the remainder when 130 is divided by x*(-14)/(-4) + 1 + 1.
19
Let o = 6 - 0. What is the remainder when (-141*(-9 + 11))/(-2) is divided by o?
3
Let z be (-6)/2 + -82 + 87. Let u be ((-1)/2)/((-1)/16). Suppose 0 = z*g - u*g + 72. Calculate the remainder when 33 is divided by g.
9
Let f(b) = -38*b. What is the remainder when 8940/52 - (3/4 - 4902/5928) is divided by f(-1)?
20
Let h(y) = 38*y + 112. Let p be h(7). Suppose -3*b + 2*c = -p, 2*b + 4*c - 147 = 121. Calculate the remainder when b is divided by 47.
34
Suppose -207 = -o - 75. Let b = -54 - -88. Calculate the remainder when o is divided by b.
30
Let u = 40 - -62. Suppose -3*p - 4*b - u = 0, 2*b + 1 = p + 25. What is the remainder when 55/p*4*-3 is divided by 6?
4
Suppose -84*m = -82*m + 16. Let n(l) = 42*l + 365. Calculate the remainder when n(m) is divided by 13.
3
Let c = 3368 + -3149. What is the remainder when c is divided by 20?
19
Let r = -26 + 30. Suppose -5*o + 2*j + 35 = 0, 0 = o - 2*j - r - 3. Suppose -36 = o*m - 141. What is the remainder when m is divided by 4?
3
Let h = -505 + 520. Let m be -3*3 - (-4 + 1). What is the remainder when (-3)/(-6) - 351/m is divided by h?
14
Let f(g) = -4*g**3 + g**2 + 3*g + 1. Let d be f(-1). Suppose 0 = d*q - v - 133, q - 45 = 4*v - 8. What is the remainder when 134 is divided by q?
44
Let i = 4541 - 3243. Calculate the remainder when i is divided by 14.
10
Suppose 0 = -68*l + 67*l + 4. Suppose 5*d + l = -11, -5*r + 3*d = -154. Calculate the remainder when 345 is divided by r.
26
Let p = -823 - -893. Let f(w) = w**3 + 12*w**2 + 20*w + 26. Calculate the remainder when p is divided by f(-10).
18
Suppose -4*q + 225 = -23. Suppose r - q - 15 = 0. What is the remainder when r is divided by 26?
25
Suppose 512*l = 1951791 - 559. Calculate the remainder when l is divided by 166.
159
Calculate the remainder when (2 + -5)/((-9)/984) is divided by 10/(-1) + 1 - (48 + -94 + 15).
20
Let r(b) = b**2 - 6*b - 177. Let h be r(17). What is the remainder when (((-16)/h)/